{"id":84,"date":"2018-05-18T08:18:51","date_gmt":"2018-05-18T08:18:51","guid":{"rendered":"http:\/\/salonduregard.com\/?page_id=84"},"modified":"2021-10-07T17:37:42","modified_gmt":"2021-10-07T17:37:42","slug":"home","status":"publish","type":"page","link":"https:\/\/salonduregard.com\/75011\/","title":{"rendered":"Home"},"content":{"rendered":"\n<blockquote class=\"wp-block-quote\"><p>La beaut\u00e9 pla\u00eet aux yeux, la douceur charme l&rsquo;\u00e2me.<\/p><p>Voltaire<\/p><\/blockquote>\n","protected":false},"excerpt":{"rendered":"<p>La beaut\u00e9 pla\u00eet aux yeux, la douceur charme l&rsquo;\u00e2me. Voltaire<\/p>\n","protected":false},"author":1,"featured_media":0,"parent":0,"menu_order":0,"comment_status":"closed","ping_status":"closed","template":"templates\/template-home.php","meta":[],"_links":{"self":[{"href":"https:\/\/salonduregard.com\/75011\/wp-json\/wp\/v2\/pages\/84"}],"collection":[{"href":"https:\/\/salonduregard.com\/75011\/wp-json\/wp\/v2\/pages"}],"about":[{"href":"https:\/\/salonduregard.com\/75011\/wp-json\/wp\/v2\/types\/page"}],"author":[{"embeddable":true,"href":"https:\/\/salonduregard.com\/75011\/wp-json\/wp\/v2\/users\/1"}],"replies":[{"embeddable":true,"href":"https:\/\/salonduregard.com\/75011\/wp-json\/wp\/v2\/comments?post=84"}],"version-history":[{"count":79,"href":"https:\/\/salonduregard.com\/75011\/wp-json\/wp\/v2\/pages\/84\/revisions"}],"predecessor-version":[{"id":437,"href":"https:\/\/salonduregard.com\/75011\/wp-json\/wp\/v2\/pages\/84\/revisions\/437"}],"wp:attachment":[{"href":"https:\/\/salonduregard.com\/75011\/wp-json\/wp\/v2\/media?parent=84"}],"curies":[{"name":"wp","href":"https:\/\/api.w.org\/{rel}","templated":true}]}}